 divided by q?
19
Let x = -17 + -5. Let g = x - -38. Let v(z) = 12*z + 15. What is the remainder when v(1) is divided by g?
11
Let u(g) = -g**3 + 19*g**2 + 23*g - 21. Let c(i) = 13*i + 5. Let o be c(-2). Let p be (60/o)/((-4)/28). Calculate the remainder when u(p) is divided by 8.
7
Suppose 186*k = 187*k - 86. What is the remainder when 325 is divided by k?
67
Suppose 102*y + 57*y - 533 = 118*y. Let i = -152 - -215. Calculate the remainder when i is divided by y.
11
Let f be (-248)/48 - 1/(-6). Suppose 4*t = 5*t + 5*n - 4, -n - 98 = -5*t. Let b = t + f. Calculate the remainder when 27 is divided by b.
13
Suppose 6*w - 23 = 3*w + 5*i, -i = 1. Let y(h) = 4*h**3 + h**2 - 3*h + 1. What is the remainder when y(3) is divided by (7/(-1) + 4)*(-56)/w?
25
Let x = -13678 - -13687. What is the remainder when 2027 is divided by x?
2
Let u(w) = 6*w - 2. Let c be u(1). Suppose -94 + 294 = c*f. What is the remainder when f is divided by (91/21)/((-6)/(-18))?
11
Let k(h) be the second derivative of h**5/10 - 5*h**4/12 - h**3/3 + h**2/2 - 6*h + 2. Suppose 5*x - 2*x = 36. Calculate the remainder when x is divided by k(3).
0
Calculate the remainder when ((-12881)/(-44))/(5 + 38/(-8)) is divided by 25.
21
Let c = 23456 + -23433. Calculate the remainder when 17041 is divided by c.
21
Let k be -7 - (8 + -7 + -11). Suppose -172 = -5*s + k*h, 4*h + 29 = s - 19. What is the remainder when 79 is divided by s?
15
Let z = 38040 - 31280. Calculate the remainder when z is divided by 205.
200
Let h(m) be the second derivative of m**4/6 + 31*m**3/6 + 65*m**2/2 - 44*m + 2. What is the remainder when 646 is divided by h(-15)?
46
Let n = 602 - -192. What is the remainder when n is divided by 32?
26
What is the remainder when 26424/(-40)*35/(-21) is divided by 24?
21
Let p(c) = c**3 - 4*c**2 + 5*c. Let l be 474/30 - 1/(-5). Suppose l - 4 = 2*r. Calculate the remainder when p(3) is divided by r.
0
What is the remainder when 404 is divided by ((-34)/(-4) - 7)/(6/(-3216)*-6)?
2
Suppose 22*v - 8*v - 3432 = 8*v. What is the remainder when v is divided by 50?
22
Let y be ((-28)/(-70)*-5)/((-2)/508). Suppose y = n + 2*r - 166, -n + 2*r = -690. What is the remainder when n is divided by 14?
10
Let j(a) = 4*a**3 - 6*a**2 + 13*a - 21. Let w be j(7). Suppose -19*h = 9*h - w. What is the remainder when h is divided by 16?
9
Let o(c) = c**3 - 40*c**2 - 49*c + 2084. What is the remainder when 490 is divided by o(40)?
118
Let s = 12309 - 12226. Calculate the remainder when 32369 is divided by s.
82
Let m = 1 + 5. Suppose 16*w = 4*w - 2664. Let p = 233 + w. What is the remainder when p is divided by m?
5
Let x = 75 + 282. Suppose 251 = 4*n - x. What is the remainder when n is divided by 27?
17
Let n(s) = -35*s - 317. Calculate the remainder when 1084 is divided by n(-10).
28
Let w(g) = 37*g - 1. Let j be (46/4)/(26/(-4) + 7). Suppose 2*v = -5*o + 41, -2*v - o + 6 = -j. Calculate the remainder when w(1) is divided by v.
10
Suppose -21*g + 481 = -1367. What is the remainder when g is divided by 28?
4
Let q be 4*(3 - -19) - (-7 + 5). Suppose -q = -41*o + 38*o. Calculate the remainder when o is divided by 8.
6
Let p(f) = f**3 + 35*f**2 - 12*f - 335. Calculate the remainder when 419 is divided by p(-35).
79
Let l be -4*3/(-6) - 23. Let o = 29 + l. Suppose 2*i = 5*c + 7, -9 = -3*c - 0. What is the remainder when i is divided by o?
3
Let d be ((-900)/24)/(-15)*96/10. Let b = 66 - d. What is the remainder when 154 is divided by b?
28
Let k = 12024 - 12012. What is the remainder when 475 is divided by k?
7
Suppose -8*z = -10*z + 10. Suppose 25*i = 130 - 5. Suppose j - 3*q = 20, -2*j + z*q = -i - 36. What is the remainder when 113 is divided by j?
21
Let r(l) = 2*l**2 + 36*l + 34. What is the remainder when 572 is divided by r(-18)?
28
Let k be ((-3)/(-1))/3*-1. Let h = -235 - -270. Calculate the remainder when h is divided by -18*k/(-4)*-2.
8
Suppose -88988*r + 88975*r = -559. Suppose 4*y - 2*y - 28 = 0. Calculate the remainder when r is divided by y.
1
Let s = -223 + 240. Suppose 163*a - 540 = 159*a. What is the remainder when a is divided by s?
16
Suppose 156 = 4*v - 4*x, v + 3*x - 2 - 17 = 0. Calculate the remainder when v is divided by (-9)/(108/(-32))*3.
2
Let b = 154 + -150. What is the remainder when 89/(-3*(-3)/9) is divided by (21/b + -3)/(4/32)?
17
Let u = 94 - -140. Calculate the remainder when u is divided by 106.
22
Suppose 16*d = 3*d + 26. Suppose j + 15 = 4*a, -18 = -d*a + 14*j - 10*j. Calculate the remainder when (-28)/(-8) + 1/(-2) is divided by a.
0
Suppose y + 119 = 10*s - 8*s, -8*s + 3*y + 473 = 0. What is the remainder when s is divided by (-130)/(-6) - (-4)/(-6)?
16
Let p(w) = w**3 - 10*w**2 - 39*w + 6. Let x(u) = -3*u**3 + 30*u**2 + 118*u - 19. Let s(c) = 7*p(c) + 2*x(c). What is the remainder when 84 is divided by s(13)?
24
Let c be 12/(-10)*1100/30. Let r = c - -52. Suppose 0 = -2*s + 11 + 15. Calculate the remainder when s is divided by r.
5
Let s(p) = -29 + 0*p + 21 + 15 - p. Let z be s(5). Calculate the remainder when (8/(-6))/(2/(-102)) - z is divided by 34.
32
Let s(h) = -2*h**3 - 2*h - 6. Suppose 0 = u - 83 + 85. Let q be s(u). Let l = 81 + q. Calculate the remainder when l is divided by 50.
45
Suppose 21*x = -0*x - 21. What is the remainder when (1062/36)/(x/2 - -1) is divided by 33?
26
Suppose 0 = 5*k + 4*j + 2608, -2*k - 2072 = 2*k - 4*j. Let c = k - -542. What is the remainder when 151 is divided by c?
19
Let d(b) = 3*b**2 - 7*b - 300. Calculate the remainder when 88 is divided by d(-9).
4
Let o = -10459 - -10993. Calculate the remainder when o is divided by 36.
30
Let n = 10933 + -10813. Calculate the remainder when 1418 is divided by n.
98
Suppose 131*j - 8888 - 4656 = -182. What is the remainder when 296 is divided by j?
92
Let k = -20 - -28. Let p be (1904/196)/((-1)/(-7)). Suppose -3*h + 81 = 2*u, 5*u + 2*h - 129 = p. Calculate the remainder when u is divided by k.
7
Suppose -2*u + 334 = -4*f + 2*f, 501 = 3*u - 5*f. Let v be (3 - 781/33)*(-1 - 86). Suppose 8*d - v = -1702. What is the remainder when u is divided by d?
11
What is the remainder when 2250/(-27)*(-252)/60 is divided by 71?
66
Let x be 380/30 + 2/(-3). Suppose 3*c - 9*c = -x. Calculate the remainder when 24 is divided by c.
0
Calculate the remainder when 6981/15 - 159/(-265) is divided by 168.
130
Suppose -2*k + 3*r = -14, 5*k + 0*k = -r + 18. Suppose 3*i - 6*i - k*h + 87 = 0, 5*i - 145 = -4*h. Calculate the remainder when 113 - 1/(2 - 3) is divided by i.
27
Suppose 126 = 3*i - 3*d, -d + 6*d = -3*i + 118. Suppose 402 = -38*q + i*q. Suppose -684 + q = -5*z. What is the remainder when z is divided by 16?
14
Suppose 4*r = r + 33. Let n(l) = l**3 + 9*l**2 - 39*l + 447. What is the remainder when n(-14) is divided by r?
2
Suppose y - 130 = -p, 4*y + 4*p = 2*p + 516. Suppose -8*u = -752 - y. Let j = u - 82. What is the remainder when 82 is divided by j?
26
What is the remainder when 665 is divided by (-768)/(-4) + (-94 - -71)?
158
Suppose 278 = -7*i + 75. Let m be i + 27 - 2/2*-2. Suppose m = 19*j - 20*j + 47. Calculate the remainder when j is divided by 16.
15
Let x = 4033 - 4004. What is the remainder when 458 is divided by x?
23
Let f = -327 + 334. What is the remainder when ((-58)/5)/(((-70)/300)/f) is divided by 27?
24
Let s(m) be the third derivative of m**6/120 + m**5/60 - 2*m**4/3 + 5*m**3 + 167*m**2. Calculate the remainder when 38 is divided by s(2).
8
Let y = -76 - -195. Suppose 4*v = i - 0*v - 65, -4*i - 5*v = -323. Suppose -i = -3*u + 13. What is the remainder when y is divided by u?
29
Suppose -2296 = -t + 3*t. Calculate the remainder when t/(-20) - (-3)/5 is divided by 50*((-10)/25 + 1).
28
Let b = -7302 + 7420. Calculate the remainder when b is divided by 99.
19
Let y(q) be the second derivative of -q**5/20 + q**4/4 + q**3/6 - 5*q**2/2 + 42*q. Let u be y(0). What is the remainder when 98 is divided by 106/10 - 2/u?
10
Suppose -3*c - 2*c + 15 = 0. What is the remainder when 152 is divided by -1*(c - (-42)/12)*-2?
9
Let t = 7241 + -7192. Suppose 3*g - s + 2*s = 120, -4*g + 3*s = -147. Calculate the remainder when t is divided by g.
10
Let i = 2559 + -2449. Let z(j) = -7*j**2 - 46*j - 9. What is the remainder when i is divided by z(-6)?
5
Calculate the remainder when (12/(-14))/(-9 - 262975